vided by w?
7
Suppose -5*t + 45 = -2*h, -17*t + 3*h - 37 = -19*t. Suppose 70 = -5*i + 275. What is the remainder when i is divided by t?
8
Let k(b) = -7*b**2 + 9*b + 3. Let t(a) = -3*a**2 + 4*a + 1. Let r(j) = -4*k(j) + 9*t(j). Calculate the remainder when r(7) is divided by 12.
10
Let w = 4 + -4. What is the remainder when 29 is divided by ((-96)/6)/(w - 1)?
13
Suppose -3*v + 65 = 2*v. Let z = -3 + 28. Calculate the remainder when z is divided by v.
12
Suppose r = 5*z + 78, r + z = 4*r - 290. Let w = 138 - r. Suppose 5*u - 16 = -3*f, 5*u - 5*f - w = -0*u. Calculate the remainder when 8 is divided by u.
3
Let y(i) = 5*i**2 - 5*i + 13. What is the remainder when y(2) is divided by 3?
2
Let l(m) be the third derivative of -m**4/8 - 3*m**2. Let q be l(1). Calculate the remainder when 13 is divided by 7 + q*3/(-9).
5
Let p = 61 + -48. Calculate the remainder when p is divided by 6.
1
Let v = 101 + -85. What is the remainder when 43 is divided by v?
11
Suppose -13*h + 5*h + 120 = 0. Calculate the remainder when h is divided by 9.
6
Let w(m) = 12*m**2 + 3*m - 3. Calculate the remainder when 23 is divided by w(1).
11
Suppose 5 + 4 = i. What is the remainder when 134 is divided by i?
8
Let d = 31 - 13. Suppose 2*a = -a + 156. Calculate the remainder when a is divided by d.
16
Let i = -286 - -296. Let m = 51 - 14. Calculate the remainder when m is divided by i.
7
Let b(w) = -4*w + 30. Suppose 4*n - 2*n = 2. Calculate the remainder when b(7) is divided by n.
0
What is the remainder when 3/(-3)*1 + 66 is divided by 23?
19
Suppose -5*n + 417 = -2*n. What is the remainder when n is divided by 35?
34
Let v(x) = x**3 + 9*x**2 - 2*x + 11. Calculate the remainder when 115 is divided by v(-9).
28
Let x be 0 + -3 + -4 + -8. Let g be ((-6)/x)/((-2)/50). What is the remainder when ((-3)/(-2))/((-5)/g) is divided by 2?
1
Let t be -2 - ((3 - 2) + -3). Let d(s) = -s + 24. Let y be d(t). What is the remainder when 45 is divided by 1*1/(2/y)?
9
Let z(h) = 13*h - 1. What is the remainder when z(2) is divided by 1 + -2 + (16 - 2)?
12
Let o = 53 + -33. Calculate the remainder when 38 is divided by o.
18
Suppose -o - 4*m = -2*m - 11, -3*o - m = -43. Calculate the remainder when o is divided by 6.
3
Let o(p) = 19*p - 2. Let i be o(-4). Let t = i - -112. Calculate the remainder when t is divided by 2/(-4) + 25/2.
10
Suppose -4*v + 138 = -2*v. Calculate the remainder when v is divided by 18.
15
Let k(z) = -z**3 - 12*z**2 + 13*z - 1. Let p be k(-13). What is the remainder when 31 is divided by (-120)/(-16) - p/2?
7
What is the remainder when 6 is divided by (-30)/(-9) - 6/(-9)?
2
What is the remainder when -3*94/(-9)*3 is divided by 16?
14
Let y(l) = -l**2 + l + 3. Let m be y(0). Suppose 3*n - 43 = -4*f, 11 = -m*n + 4*n + 3*f. Calculate the remainder when 48 is divided by n.
14
Suppose 3*k = -k + 16. Suppose -4*j - 5*n - 17 = -3*j, k*j - 27 = -n. What is the remainder when 21 is divided by j?
5
Suppose -4*n = -5*o - 9*n + 110, 84 = 4*o + 5*n. Calculate the remainder when o is divided by 11.
4
Let c = 222 + -119. Calculate the remainder when c is divided by 21.
19
Suppose -2*z + 28 = 2*z. Calculate the remainder when z is divided by 7.
0
Suppose 3*p + 15 = 0, -4*z + 19 = p - 16. Calculate the remainder when (2/z - 1)*-50 is divided by 21.
19
Let a = 2 + 0. Suppose 6 = -s + 3*s - 2*g, -3*s + 4 = a*g. Suppose -l + 8 = l. Calculate the remainder when l is divided by s.
0
Suppose -u - 2 = -4. Suppose -3*m = -4*i + u*i, 0 = -4*i + 4*m. Suppose i = 2*k + 2 - 4. Calculate the remainder when 2 is divided by k.
0
Suppose 2*o - 465 + 78 = -5*u, -o + 1 = 0. Calculate the remainder when u is divided by 20.
17
Let n be 184/12 - (-2)/(-6). Suppose -3*u - c + 6*c = -13, n = u + c. Calculate the remainder when 42 is divided by u.
9
Suppose 5*c - 26 = -11. Suppose 2*q = 2*z - 10, 3*z = -2*z + c*q + 35. What is the remainder when 49 is divided by z?
9
What is the remainder when 5 is divided by (5 + 21/(-5))/(4/10)?
1
Suppose 0 = t - 2, -2*k = -0*t + 5*t + 4. Let w be (22/(-4))/((-3)/(-6)). Let y = k - w. What is the remainder when 11 is divided by y?
3
Suppose 0 = 4*i - 16, 6*z - 42 = 4*z - 3*i. What is the remainder when 29 is divided by z?
14
Let x be (-4)/2 - 212/(-1). Suppose -h - 2*h = -x. Calculate the remainder when h is divided by 18.
16
Let b = 54 - 4. Suppose 1 = -4*v - 5*y + 42, -5*v + b = 5*y. What is the remainder when 26 is divided by v?
8
Suppose 0 = 3*n + 2*n - 30. Calculate the remainder when 17 is divided by n.
5
Let m = 28 + -16. Calculate the remainder when 59 is divided by m.
11
Suppose -5 = v + 5*w + 5, -2*w = 4*v - 14. Let q(m) = m**3 - m**2 + 13. What is the remainder when q(0) is divided by v?
3
Let w(f) = -f**3 + 6*f**2 + f + 7. Calculate the remainder when 38 - (-2)/(-5 - -3) is divided by w(6).
11
Suppose c - t - 4 = -0*t, -3*c + 9 = -2*t. Suppose 0*q - q = -2. Calculate the remainder when q is divided by c.
0
Let v = -11 + 7. What is the remainder when v/2 + (4 - -30) is divided by 17?
15
Suppose -3*a + 10 = -v, -2*v = -0*v - 4*a + 10. Let f = -5 + v. Let p(x) = x**3 + 9. What is the remainder when 26 is divided by p(f)?
8
Let l = 4 + -2. Let c(o) = 2*o**2 - 2*o + 3. What is the remainder when c(l) is divided by 3?
1
Suppose -11*q = -0*q - 99. Let i(w) = w**2 + 4*w - 6. Calculate the remainder when q is divided by i(-6).
3
Let m = -6 - -3. Calculate the remainder when 6 is divided by (-24)/18*m/2.
0
Suppose -6*n + 157 = -341. Calculate the remainder when n is divided by 29.
25
Suppose -4*h + 4 = -0. Let d be 1 + h - (0 + 0). Suppose d*g - x = 39, 0 = g - 4*x - 9. What is the remainder when g is divided by 12?
9
Let s(t) = 11*t**2 + 3*t. Let n be 2/(-3)*(-2 + -1). Suppose -5*v + 2 = -l, n*v = 4*v - 6. What is the remainder when s(-2) is divided by l?
12
Let s(h) = h**3 + 4*h**2 + 4*h + 2. Let u be s(-2). Suppose -12 - 30 = -u*c - 3*q, 0 = c - 2*q - 21. What is the remainder when c is divided by 11?
10
Let n(u) = u + 10. Let h be n(-8). Suppose -3*i + h*l = -53, 4*i - 2*i - 34 = 2*l. Calculate the remainder when 75 is divided by i.
18
Let u = 11 + -9. Suppose -5*w + 9 = -0*p + 3*p, -u*p + 6 = w. Calculate the remainder when 4 is divided by p.
1
Let x be 6/4 - 60/(-24). Calculate the remainder when (9/(-12))/(x/(-48)) is divided by 5.
4
Let u(f) = -2*f + 28. What is the remainder when 6 is divided by u(12)?
2
Let n = -5 + 7. Let y be (-1)/(-1)*3*1. Suppose t = -y*t + 20. Calculate the remainder when t is divided by n.
1
Suppose 0*h = h + 4. What is the remainder when (3*-1)/(-3)*29 is divided by (4/10)/(h/(-100))?
9
Let v = 27 + -10. Let b be (-9)/(-2) - 2/(-4). Let d = v + b. Calculate the remainder when d is divided by 8.
6
Suppose -4*k + 112 + 44 = 0. What is the remainder when k is divided by 20?
19
Suppose 3*y - 110 - 7 = 0. Suppose -3*c = 3*u - y, 2*c = c + u + 11. What is the remainder when c is divided by (-2)/6 - (-66)/9?
5
Suppose 0 = -2*w - 0*w + 2. What is the remainder when (-2)/(-2) + -4 + (1 - -3) is divided by w?
0
Let t(c) = c**2 - 6*c + 9. What is the remainder when 111 is divided by t(7)?
15
Let m = 23 - 12. Let t be (9 - -1)*(-12)/(-10). What is the remainder when 1/(-3) + 364/t is divided by m?
8
Let f(w) = -w**2 - 11*w - 1. What is the remainder when f(-9) is divided by 7?
3
Suppose 5*o + 700 - 95 = 0. Let v = -51 - o. Calculate the remainder when v is divided by 18.
16
Suppose 2*h - 36 - 8 = 0. Let m = -19 - -49. Let g = -18 + m. What is the remainder when h is divided by g?
10
Let z(u) = 3 - 3*u**2 - 5 - 2*u + 0*u**3 + u**3 + 4*u**2. Let y(r) = -r**3 + 4*r. Calculate the remainder when z(3) is divided by y(-3).
13
Suppose -6 - 6 = -3*p. Suppose 59 = p*f + b, -4*f + 13 = -2*b - 61. Calculate the remainder when 31/((-3 - -2)*-1) is divided by f.
15
Suppose -3*n + 5*n = 12. Suppose 80 = -5*z + 10*z. What is the remainder when z is divided by n?
4
Suppose -4*w + 8*w + 4*i - 28 = 0, -4*w - i = -34. Calculate the remainder when 33 is divided by w.
6
Suppose 2*o - 3*a - 151 = 110, 0 = -2*o - 4*a + 282. What is the remainder when o is divided by 17?
16
Suppose 0 = n + 3*n. Suppose 0 = -3*q + 166 + 56. Suppose n = r + r - q. What is the remainder when r is divided by 19?
18
Let s(u) = u**2 + 3*u + 15. Calculate the remainder when s(-6) is divided by 